 55292330 and 1360.
170
What is the greatest common divisor of 119130 and 54549?
627
What is the greatest common divisor of 84 and 51043342?
14
What is the highest common factor of 55289 and 1747983?
4253
What is the greatest common factor of 6336106 and 546?
14
Calculate the highest common divisor of 4 and 2764482.
2
What is the greatest common divisor of 2390 and 251210510?
2390
Calculate the greatest common divisor of 37888 and 1628.
148
What is the greatest common divisor of 10262982 and 1290?
258
Calculate the greatest common factor of 100 and 11177050.
50
What is the greatest common divisor of 29539692 and 2340?
468
What is the greatest common divisor of 13245339 and 518227?
2263
Calculate the greatest common factor of 1428 and 3526854.
102
Calculate the highest common factor of 205322 and 5777.
53
What is the highest common divisor of 4 and 419571?
1
Calculate the highest common factor of 51022608 and 266448.
4368
What is the highest common factor of 320 and 14573200?
80
What is the highest common factor of 107822317 and 739?
739
Calculate the greatest common factor of 895 and 795555.
5
Calculate the highest common factor of 1177248 and 1536.
96
What is the highest common divisor of 299980929 and 102?
51
What is the greatest common divisor of 480896 and 172?
4
What is the greatest common divisor of 1043 and 5453102?
149
What is the greatest common divisor of 2870 and 62720?
70
Calculate the greatest common factor of 4917231 and 36.
9
What is the greatest common factor of 35731871 and 217?
217
Calculate the greatest common divisor of 3956922 and 864.
18
Calculate the greatest common factor of 56398960 and 380.
20
Calculate the highest common divisor of 501 and 1476876.
3
Calculate the greatest common factor of 15799 and 61034953.
427
What is the greatest common divisor of 35480401 and 395?
79
Calculate the greatest common divisor of 10348332 and 4716.
12
What is the greatest common factor of 102 and 1460766?
6
What is the highest common divisor of 598464 and 2664?
72
Calculate the highest common divisor of 123505197 and 23319.
7773
Calculate the highest common divisor of 376 and 122753284.
188
What is the highest common divisor of 2472 and 34432179?
309
What is the highest common divisor of 1820 and 43554784?
364
What is the greatest common factor of 2130196 and 20956?
124
Calculate the highest common divisor of 50406 and 52638.
186
Calculate the greatest common factor of 3 and 72734757.
3
What is the highest common factor of 8359875 and 80?
5
What is the highest common factor of 368 and 251313548?
92
Calculate the highest common factor of 70 and 1249066.
14
Calculate the highest common factor of 19840501 and 1247.
43
What is the highest common factor of 24 and 9840096?
24
Calculate the greatest common divisor of 41833314 and 594.
54
What is the greatest common factor of 476 and 81374412?
28
What is the highest common factor of 2285471 and 322132?
2777
Calculate the greatest common divisor of 206429 and 248.
31
What is the highest common divisor of 127040 and 1153285?
1985
Calculate the greatest common divisor of 30053 and 2447487.
733
What is the highest common factor of 1844466 and 61846?
3638
Calculate the highest common factor of 27361613 and 1186.
593
What is the greatest common divisor of 2361311258 and 1726?
1726
What is the greatest common factor of 12894659 and 156187?
499
What is the greatest common factor of 7580544 and 1520?
304
Calculate the highest common factor of 400 and 865936.
16
Calculate the greatest common factor of 11343721 and 314.
157
What is the greatest common divisor of 8362004 and 120596?
2044
What is the highest common divisor of 31950 and 213625?
25
Calculate the greatest common factor of 5009561 and 3979.
3979
What is the greatest common divisor of 267093471 and 3?
3
Calculate the highest common factor of 10318176 and 5632.
352
What is the highest common factor of 2945 and 5843165?
95
What is the greatest common divisor of 1104714360 and 20?
20
Calculate the highest common divisor of 492 and 1778958348.
492
Calculate the greatest common factor of 399630842 and 26.
26
What is the greatest common factor of 122911 and 38114?
19
What is the greatest common factor of 515200 and 596344?
1288
Calculate the greatest common divisor of 590555 and 451670.
235
What is the highest common factor of 3976902 and 792?
18
What is the highest common factor of 242907392 and 8960?
1792
Calculate the highest common factor of 484685932 and 116.
116
Calculate the greatest common divisor of 1232 and 51087344.
1232
Calculate the highest common divisor of 2795 and 174325.
5
Calculate the greatest common divisor of 1008 and 651636.
36
Calculate the highest common factor of 72502063 and 123.
41
What is the greatest common divisor of 324 and 49403412?
108
Calculate the highest common divisor of 872971 and 12078.
671
Calculate the greatest common factor of 237433150 and 5075.
725
What is the greatest common factor of 245 and 1786750?
35
Calculate the greatest common factor of 437 and 13655129.
19
What is the greatest common factor of 43248 and 280772?
68
Calculate the highest common divisor of 609 and 692633361.
609
Calculate the highest common divisor of 39 and 157683.
3
What is the greatest common divisor of 119237427 and 19683?
2187
Calculate the greatest common divisor of 12517146 and 54.
54
Calculate the greatest common divisor of 4936 and 1084567536.
4936
Calculate the highest common divisor of 3865057 and 518.
259
Calculate the highest common factor of 7813627 and 239.
239
Calculate the greatest common divisor of 5331300 and 19650.
150
Calculate the greatest common divisor of 5929 and 81917.
121
Calculate the highest common divisor of 251134 and 393094.
338
What is the greatest common factor of 78 and 63854908?
26
Calculate the greatest common factor of 9 and 4055073.
3
What is the highest common factor of 184185 and 27225?
45
What is the greatest common factor of 529 and 2613881?
23
What is the greatest common factor of 2327871567 and 294?
147
Calculate the greatest common divisor of 1216 and 10325816.
152
What is the highest common divisor of 105490 and 1298495?
55
What is the greatest common divisor of 1996 and 4397336?
4
Calculate the highest common factor of 1850 and 206300650.
50
Calculate the highest common factor of 297 and 32535.
27
Calculate the greatest common factor of 179716 and 233416.
716
What is the highest common factor of 330 and 10554930?
30
Calculate the highest common divisor of 15582 and 5008129.
371
Calculate the greatest common divisor of 150 and 13045310.
10
What is the greatest common factor of 43041200 and 650?
50
What is the highest common divisor of 2914 and 33806771?
1457
Calculate the greatest common factor of 6253 and 721019.
481
Calculate the greatest common divisor of 489716 and 920.
92
Calculate the highest common divisor of 557 and 437644369.
557
Calculate the greatest common factor of 53924016 and 103326.
6078
Calculate the greatest common factor of 11231 and 49183612.
1021
What is the highest common divisor of 439824 and 4764?
12
What is the highest common divisor of 275574 and 1677?
39
What is the greatest common divisor of 2049048 and 899364?
1788
What is the greatest common factor of 1019054 and 528656?
3478
Calculate the greatest common factor of 19102306 and 2452.
1226
Calculate the greatest common factor of 58860 and 8696020.
2180
Calculate the greatest common factor of 8556 and 4673094.
138
What is the greatest common divisor of 94060301 and 141?
47
Calculate the highest common factor of 75105 and 95900740.
8345
Calculate the greatest common factor of 30401250 and 2035.
55
Calculate the greatest common factor of 42269 and 115498.
43
What is the greatest common factor of 356 and 29598463?
89
Calculate the greatest common divisor of 4311904 and 9549.
1061
What is the highest common divisor of 12268960 and 1265?
55
Calculate the greatest common divisor of 140 and 516559260.
140
Calculate the highest common divisor of 10608 and 4913376.
624
Calculate the highest common divisor of 1254714 and 88653.
87
Calculate the greatest common factor of 36012 and 138.
6
What is the greatest common divisor of 1038847 and 939277?
3319
What is the highest common divisor of 15064 and 200151602?
3766
Wh